of 14 + 9 + -6 + (13 + 0 - (23 - 18))?
25
Evaluate -24 + -2 + (-2 - -24) - (1 + -2 + -21).
18
What is the value of -16 + (-18 - (-12 + -2)) - (25 - 31)?
-14
Evaluate 46 - (26 - (22 + (-1 - 19))).
22
What is -150 + 150 - (-58 + (7 - 8))?
59
Calculate (72 - (14 + 1 + 3)) + -23.
31
(-9213 - -9125) + 111 + -1
22
Evaluate (-1 - 5) + (-58 + -55 - -164) - (1 + -12).
56
What is the value of 5 - 3 - 3 - (2 - 3) - (18 - -2)?
-20
Evaluate -84 - (-9 - (-32 - -12) - 27).
-68
Evaluate (13 + (0 - 5) - ((-12 - -122) + -8)) + -7.
-101
Calculate -40 + -13 + 26 - 27.
-54
Calculate (5 - 9 - -17) + 10 + 7.
30
What is 340 + (-582 - -246) - (12 - (1 - (1 - 0)))?
-8
What is the value of 119 + (-89 - -42) + -15?
57
(60 - -38) + -100 - (6 - (2 - 4))
-10
What is -67 + 36 + 0 + 36 - 102?
-97
Calculate (6 + -5 - (1 + 33)) + 14.
-19
What is the value of 46 + (40 + -32 - 7)?
47
Evaluate -349 - -310 - ((-5 - (-3 + -4)) + 2).
-43
Evaluate 260 - -11 - 102 - 75.
94
What is the value of (-104 - -76) + 134 - 106?
0
Evaluate -8422 + 8410 + (2 - 1 - (2 - -3)).
-16
Evaluate (9 - 5 - (5 + -11)) + (48 - -57).
115
Evaluate -74 + -1 + 98 - (56 - -2).
-35
Calculate 0 + -49 + 101 + -11 + -78.
-37
3 - (15 - 60 - -59)
-11
(-25 - -5 - 66) + 150
64
Calculate 127 - ((6 - 10) + -4 - -14).
121
What is the value of 20 + 5 + (39 + -21 - 37)?
6
What is 14 - (3 + (14 - (12 - (-4 - 7))))?
20
What is -2 + 1 + (11 + -1 - (265 - 256)) + -1?
-1
Evaluate -1 + 73 + (-4 - (-9 + -11) - 18).
70
Evaluate -6 + -11 + 6 + 5 + 7 + -2.
-1
21 + (24 + (-24 - 3) - 100)
-82
Calculate (-35 - -195 - 139) + (19 - -2).
42
What is the value of -5 + (78 - 15) - (1 + -3 + -9) - -3?
72
Evaluate 21 + -30 + -66 + 28 - 11.
-58
-6 - -43 - (-6 - (29 + 1))
73
Calculate 132 + (-5 - 15) + -12 + 3 + 14.
117
What is 4514 + -4371 + (-1 - 68)?
74
What is the value of -2152 - -2215 - ((-1 - 1) + 39)?
26
Calculate -114 + 22 + 106 + 37.
51
Evaluate (-2 + -14 - 6) + (12 - 3) - (-26 + 97).
-84
Calculate 27 + -77 + (18 - 35) + 33.
-34
What is the value of (-24 - 10 - -1) + -28 + -6 + 20?
-47
What is (77 - 41) + 43 - 65?
14
(35 - (-13 + (20 - -10))) + 19
37
-9 + -8 + (-7 - -12) - -30
18
Evaluate 0 - -4 - -57 - (-22 + (1 - (-22 - 1))).
59
What is the value of 23 + (-15 - (-15 - (-20 - (-39 + 20))))?
22
What is (-11 - (15 - 14)) + -2 + -4 + -31?
-49
What is the value of -238 + 226 - (6 - 43)?
25
What is -1 - -43 - (5958 - 5910)?
-6
Calculate -72 - (-76 - (-114 + 109)).
-1
What is -30 + 8 + 74 + -119?
-67
Evaluate (12 - (-18 - (-35 + -24))) + 19.
-10
(0 + 5 - -2) + -21 + (66 - 20 - -27)
59
Calculate 10526 - 10624 - ((-3 - -6) + 3 + 1).
-105
What is the value of 12 - 14 - 16 - (-14 - -17)?
-21
What is the value of -68 + 16 - 9 - 2 - (2 - 5)?
-60
What is -40 - -1 - (537 + -516 + (0 - 33))?
-27
Evaluate -4 + 15 + -2 + (-53 - (-2 - (-6 + -8))).
-56
Evaluate (-26 - -9 - -29 - (22 - (3 + -1))) + 11.
3
What is the value of -95 + 83 + -35 + -28?
-75
What is the value of -82 + -1 + -34 + 1412 + -1380?
-85
Evaluate 44 - ((75 - 24) + -38).
31
What is the value of (-34 + 87 - 12) + -16?
25
What is the value of 6 - 1 - (-41 + 5 + 29 - (-44 - 0))?
-32
-25 - (((-1 - 7) + 3 - (-11 - -10)) + -5)
-16
Calculate 86 + -84 - -78 - -57.
137
What is -4 - 3 - (0 + -5 - 7)?
5
Evaluate (98 - 100) + -42 + 3 + -4.
-45
(-14 - -3) + (-21 - (-24 + 22))
-30
What is the value of 18 + 75 - 14 - 30 - -18?
67
-31 + -47 + 18 + 99
39
3 - (1 + 18 + 11 + (1 - -11) + -5)
-34
-100 - (-59 - (-57 + -60))
-158
Evaluate -26 + (-23 - (-52 - -46)).
-43
What is the value of -2 + 105 + 0 + (-5 - -42) + 115 + -138?
117
What is -25 - (58 - 25 - 19) - 24?
-63
Calculate 7 - -5 - (-14 + 29 - 40).
37
(45 - (53 + 8)) + 30
14
Evaluate -9 - (-5 - (17 + -18 + 1 + 8)).
4
Calculate (-1 + 0 - -123) + 170 + (-125 - 57) - 14.
96
Calculate (53 + -20 - -6) + -6.
33
What is -2 + (-53 - (1 + 1)) + (-37 - (-32 - -7))?
-69
Calculate -6 + 11 + 4 + -15 + -26.
-32
Evaluate 3 + (0 + -1 + 14 - (401 + -407)).
22
What is the value of 10 + 2 + -5 - (163 - 44 - (0 - -7))?
-105
Evaluate (-34 - -52 - 27) + 24.
15
Evaluate (-14 - -6) + (51 - 11 - 22).
10
What is the value of (291 - 278) + (4 - -5 - -3)?
25
8 + (-8 + -8 + 6 - -3) - 11
-10
What is the value of (10 - 36) + 100 + -66?
8
(5 - ((-14 - -12) + 3)) + 10 + -14 - -91
91
What is the value of 20 + 7 - (17 - -28 - -16)?
-34
What is the value of -15 + ((13 - (-6 + 21)) + 6 - -6)?
-5
What is 90 + (111 - 198) - (-72 + 1)?
74
Calculate -25 + (1 - 59 - -79).
-4
What is the value of -3 + (-4 - -4) + -5 - (-52 - (-3 + -15))?
26
Evaluate 25 + -28 + -19 + 31 + 25.
34
Evaluate (96 + -143 - -124) + -111.
-34
What is the value of (-36 - -30) + 13 + (0 - -3 - 5) - 12?
-7
(-17 - 8) + (56 - (-8 + 5))
34
What is the value of -1 + 0 + 2 + (-25 + 19 - -1 - -59)?
55
What is the value of 73 + (49 + -4 - 99)?
19
What is the value of (59 - (-66 + 211)) + 91?
5
Evaluate -43 + 33 + 42 - (-52 + -7).
91
Calculate 1 - 10 - (-18 + (-40 - -32)).
17
71 + (-69 + 17 - 42)
-23
Evaluate -6 - 12 - (27 + -28 + -33).
16
Evaluate 0 + 0 + (3 + -33 + 51 - (7 + 93)).
-79
Evaluate 3 + 4 + 319 + -336.
-10
Calculate (-1 + -13 - -17) + (-2 + -1 - (-87 - 10)).
97
18 + -14 - (-1 - 5) - 16
-6
What is the value of -11 + (48 + -47 - ((-1 - -37) + (40 - 42)))?
-44
(456 - 470) + -69 + (-1 - 0)
-84
What is 31 - (20 - (-16 + -43))?
-48
What is 5 + -17 - ((-3 - 0) + 10 + -2 - -12)?
-29
What is the value of 54 - (110 + -49 + -41)?
34
(-1 + 5 - (3 - (55 + -31 - 32))) + -46
-53
What is 4 + 1 + (-37 - (-12 + -15) - (-1 - 9))?
5
Evaluate -2 + 19 - (-476 + 534).
-41
What is the value of 48 + 45 + (-14 - 111)?
-32
What is the value of (-11 + 20 - (16 - -2)) + -9 + 1 + 8?
-9
Evaluate (-55 + 15 - -16) + (10 + (5 - 4) - 1).
-14
Evaluate -62 - (21 + 20) - -122.
19
What is -2 + -4 + 4 + -54 + (38 - -14)?
-4
16 + (-15 - -24) + 4 - 18
11
(-51 + (-2 - -54) - (-1 + 2 + 4)) + -11
-15
Calculate -18 + -28 + 37 + -54.
-63
Evaluate -1 + (-51 - 1) - (13 - 18).
-48
What is the value of -19 - 26 - (1 + 1 + 3 + -7)?
-43
What is the value of (48 - (23 + 24)) + 98?
99
Evaluate 118 - -38 - 93 - 71.
-8
Evaluate 4 + -9 - ((-11 + 1 - -4) + 9) - 25.
-33
Calculate -67 + (-73 - -52) + 80.
-8
What is -22 + 24 - ((-12 - -12) + 23)?
-21
What is -174 + 89 - ((4 - 11) + 29)?
-107
-3 + 0 + 20 + -59
-42
What is the value of -1 - -63 - (-498 - -506)?
54
Calculate 105 + (46 - 120) - -19.
50
Calculate -1 + (-20 - (9 + -7 - 5 - -13)).
-31
What is (30 - 14) + (4 - (-1 + -2 + 3)) + -6?
14
Calculate 7 - (-30 + (26 - -87)) - -36.
-40
Calculate (52 - -69 - 122) + 103.
102
39 - (-17 - (-20 - 7))
29
3 + 3 + (-35 - -21 - -17) - 2
7
-56 + -17 + 18 + 27 - 11
-39
What is the value of (-37 + (-22 - -16) - -37) + 15 + 3?
12
What is the value of (-24 - (0 + -29)) + -30 + 1?
-24
Calculate -2 + -22 + 10 + 93 + -2.
77
60 + (-39 - -69) - 175
-85
What is the value of (46 - 18 - -22) + -49?
1
What is the value of (-3 - (-1 + 65)) + -130 + -64 + 174?
-87
Calculate -3 + 1 - (-30 - -17 - 2).
13
Calculate 5 - (5 + -2 + -10) - (-19 + 17).
14
Calculate (-11 - (-2 + (-1 - -3))) + 113 + -88 + 76.
90
Evaluate 8 + 9 + (20 + -20 - 20) - 6.
-9
What is -20673 + 20674 + -3 + -47 + (-1 - 0)?
-50
What is the value of 45 + (1 - -6 - (123 - 123))?
52
-3 + 134 + -52 + 37 + -26
90
Calculate (71 - -2) + -2 + -110 + (-195 - -303).
69
Calculate -3 + -3 + (43 - 4) - (-11 + -6 + 25).
25
Evaluate 7 + 0 - (-425 - -427).
5
What is (-82 - (11 - -2) - (24 - 13)) + (8 - 7)?
-105
Calculate -131 + (-71 - -151) + 11.
-40
What is 0 - (31 - 42 - -25) - (-10 - 1)?
-3
What is -9 + -636 + 623 + 16 + -1?
-7
(24 - 32) + (5 - 2) + -27
-32
What is the value of -3 + ((-15 - -28) + -10 - (1 + 41))?
-42
-5 - ((-176 - -159) + 6 + 3 + -1 + 0)
4
Evaluate ((-212 - -85) + 149 - (-1 + 53)) + (-3 - -2).
-31
What is 75 + -135 + (107 - 115)?
-68
What is 3 - (-3 - (6 - 2) - (33 - (31 + 2)))?
10
What is the value of -110 + 47 + -58 - -87?
-34
Calculate (18 - (-25 + -14 + 28)) + (0 - -10).
39
-95 - (-104 - 83) - 94
-2
-66 + 81 + -148 + 31
-102
What is -23 + 3 + -20 + 23 + 47 - 2?
28
Calculate 0 + (57 - (7 + -4 + (0 - -8))).
46
What is the value of (7 - 12) + -20 + 12 + (-133 - -55)?
-91
-2 + -46 - ((19 - 2) + -2 + 2 - 9)
-56
Calculate 35 - 1 - (443 - (-121 - -464)).
-66
Evaluate -28 - -2 - (0 + -1) - (212 + 169 - 378).
-28
235 - (124 + (31 - 48))
